 -32, -h + c + 1 = -0. Suppose h*l = 7*l + 34. Let k = l - -26. Calculate the remainder when 17 is divided by k.
8
Let z(q) = -q**2 - 10*q - 3. Calculate the remainder when (23/2 + -1)*4 is divided by z(-5).
20
Let o(f) = -f**2 + 8. Let i be (-1)/2 - 6/4. Let x = -2 - i. What is the remainder when 22 is divided by o(x)?
6
Let i = -1 - 0. What is the remainder when 58/((-2 - -3) + 1) is divided by i/(27/30 + -1)?
9
Let g = 180 - 171. Calculate the remainder when 33 is divided by g.
6
Let z = 7 + -3. Suppose d = -z*r - 2, 3*r = 5*d - 129 + 47. What is the remainder when 27 is divided by d?
13
Let v(s) = -4*s. Let f = -14 + 10. What is the remainder when v(f) is divided by 6?
4
Let a(o) = -o + 3. Let c be a(0). Suppose -2*p - 20 + 49 = 5*l, 0 = -p - c. Let k = -5 + l. What is the remainder when k is divided by 1?
0
Suppose t - 154 = -6*t. What is the remainder when t is divided by -2*(-7 + 9/3)?
6
Let c(l) = -2 + 3 - 4*l - 2*l + 2*l. Calculate the remainder when c(-5) is divided by 11.
10
Suppose 2*d = 91 + 5. What is the remainder when d is divided by 17?
14
Let w(i) = i**3 - 5*i**2 + 4*i + 3. Suppose -2*a + 20 = 2*a. Calculate the remainder when w(a) is divided by -2 + (-1 - -1 - -14).
11
Suppose h - 17 = 4*x, -3*h - 1 = 2*x - x. Suppose -n + 4 + h = 0. What is the remainder when n is divided by 2?
1
Let r(q) = -4*q + 2. Let x be r(-1). Let k = x - -1. What is the remainder when 18 is divided by k?
4
Let k be 2*-3 + 3 - -6. Calculate the remainder when (-6 - k)*(-14)/3 is divided by 11.
9
Suppose 3*k = k + 4. Calculate the remainder when k is divided by (6/15 + 11/(-15))*-3.
0
Suppose -g = -2*n + 3, 2*n - 4*n = g - 9. Suppose n*p + 21 = -0*p. What is the remainder when 49 is divided by (p + 27)*10/8?
24
Calculate the remainder when 4 is divided by (-58)/(-15) + (-18)/(-135).
0
Let n(u) = 2*u**2 - 5*u + 5. Let t(j) = j**2 - 7*j + 5. Let a be t(5). What is the remainder when n(5) is divided by (16/a)/((-1)/5)?
14
Let a = 25 - 11. What is the remainder when 3 is divided by (-2*2)/(12 - a)?
1
Let n(u) = u**3 + 2*u**2 - 2*u - 1. What is the remainder when 9 is divided by n(-2)?
0
Let u(d) = d**3 - 2*d + 4. Let s = 0 + 14. What is the remainder when s is divided by u(2)?
6
Let t = -1 + 0. Calculate the remainder when 58 is divided by (20 - (1 + -2)) + t.
18
Let u be (-104)/6 - (-1)/3. Let j = -7 - u. What is the remainder when 29 is divided by j?
9
Let l(o) = 2*o**2 + 2*o - 6. Let f be l(-4). Suppose 0 = v + d - 5, 2*d - f = -2*v - 2*v. What is the remainder when 5 is divided by v?
1
Suppose 8*i = 4*i + 116. Suppose -4*u + 55 = -5*a, 0*a - 3*a - i = -2*u. Suppose 2*o - 7 = 49. Calculate the remainder when o is divided by u.
8
Let s = 7 - 6. Let d = -26 - -17. Let l = s - d. What is the remainder when l is divided by 4?
2
Suppose 0 = -3*q - a + 2*a + 39, 4*q + a = 59. What is the remainder when 53 is divided by q?
11
Let x(w) = w**2 - 5*w - 6. Let f be x(7). Suppose 0 = b + b - f. Calculate the remainder when b is divided by 3.
1
Let r = 15 + 3. What is the remainder when 48 is divided by r?
12
Let w = -18 + 39. What is the remainder when w is divided by (1 + 1)*((-2 - -13) + -7)?
5
Suppose -84 = -4*b - 20. Suppose 0*h - h = -b. Let v = h + -7. Calculate the remainder when 15 is divided by v.
6
Let n be ((-8)/(-3))/(-4)*-3. Suppose n*a = -3*a. Let m(q) = q + 45. Calculate the remainder when m(a) is divided by 12.
9
Let t = 13 - 11. What is the remainder when 20 - (1 + 2/t) is divided by (3/(-6))/(1/(-20))?
8
Let d be ((-1)/(-2))/(2/(-20)). Let r(f) = -f - 1. What is the remainder when (1*-1)/((-1)/13) is divided by r(d)?
1
Let i be (6 + 1 + -5)*-2. Let s(x) = x**2 - 2*x + 2. What is the remainder when 75 is divided by s(i)?
23
Let j = -2 + -1. Let c be j/(-5) - 610/(-25). Suppose -5*v + c = 0, 2*f + 3*v + 50 = 7*f. What is the remainder when 37 is divided by f?
11
Let u(p) = 17*p - 4. Let n be u(-4). What is the remainder when -5*1*n/60 is divided by 4?
2
Let h(b) = -b**2 + 8*b + 2. Let i be h(8). Suppose i*g - 40 = -2*g. What is the remainder when 19 is divided by g?
9
Let d(h) = -4*h**2 + h + 5*h**2 + 0*h**2. Calculate the remainder when d(4) is divided by (-5)/((-15)/(-12))*(-154)/56.
9
Suppose -9*f = -43 - 29. Calculate the remainder when f is divided by 2.
0
Let x be (10/(-3))/(4/(-6)). Suppose 6*v - 138 = -0*v. Suppose -x*m = -4*s + v, 2*s + 4*m = 3*m + 1. Calculate the remainder when 5 is divided by s.
1
Let x = 2 + 1. Let r be (2/(-3))/((-14)/63). Suppose 4*n = -r*o + 6 + 6, 2*o - 1 = -5*n. What is the remainder when o is divided by x?
2
Suppose -44 = 2*u - 6*u. Calculate the remainder when u is divided by (-5 - -4)/(2/(-6)).
2
Let k(j) = -j**3 + 7*j**2 + 3*j - 4. Calculate the remainder when k(6) is divided by 26.
24
Let p(z) = z**2 + 9*z - 10. Let k be p(-9). Calculate the remainder when 8/20 + (-166)/k is divided by 5.
2
Suppose w - 25 = -4*x + 4, 4*w = -4*x + 44. Suppose -4*l - s + 48 = -5*s, -x = -2*s. Let q = 117 + -74. Calculate the remainder when q is divided by l.
13
Let w(b) = b**3 + 6*b**2 + 5*b - 4. Let f be -1 - 5 - (-2 + 0). What is the remainder when 22 is divided by w(f)?
6
Suppose -4*n + 5*n - 82 = 0. Calculate the remainder when n is divided by 21.
19
Let w = 124 - 68. Let h = -37 + w. What is the remainder when h is divided by (-48)/(-5) - 2/(-5)?
9
Suppose 0 = -0*a + 5*a - 105. What is the remainder when 62 is divided by a?
20
Let n(a) = -a**3 + 15*a**2 - 28*a + 50. Let g = 35 + -22. What is the remainder when n(13) is divided by g?
11
Suppose 2*b - u = 4*b - 13, 21 = 4*b + u. Let s(x) = -x**3 - x**2 + 6. What is the remainder when s(-2) is divided by b?
2
Let g = 177 - 119. Suppose 5*i - 8 - 67 = 0. What is the remainder when g is divided by i?
13
Suppose 5*n - n = -80. Let i = 29 + n. Let b = 15 - 9. What is the remainder when i is divided by b?
3
Let m(u) = u**3 - 6*u**2 + 4*u - 1. Let s(t) = -t**2 + 6*t - 5. Let h be s(4). Suppose 47 = h*o + 11. Calculate the remainder when m(6) is divided by o.
11
Suppose -5*a + 292 = 3*u, -92 = -4*a + 2*a + 5*u. Suppose a + 16 = 4*h. What is the remainder when 2/(-8) + (-1278)/(-24) is divided by h?
17
Suppose 0 = -2*r + 4*i + 26, 2*r - 3*r + 5*i + 13 = 0. Calculate the remainder when 50 is divided by r.
11
Suppose -7*d = -10*d + 51. Let n = d + 21. What is the remainder when n is divided by 1/(-1)*(1 + -14)?
12
Let s(u) = -5*u - 4 + 19*u - u. Suppose -4*w + 6*w - 6 = 0. What is the remainder when s(w) is divided by 9?
8
What is the remainder when (-9)/36 - 65/(-4) is divided by ((-4)/(-2) + -3)*-9?
7
Let u(i) = 5*i**2 - i - 3. Let g be u(-4). Let a = -34 + g. Calculate the remainder when a is divided by -2 + 23 + -3 + -2.
15
Suppose 5*n - 5*x = -4*x + 35, -5*n + 50 = -4*x. Calculate the remainder when 10 is divided by n.
4
Let z(d) = 2*d**2 - 8*d - 13. What is the remainder when z(-7) is divided by 48?
45
Let r(l) = -2 - 1 + 4 - 2 + 25*l. Suppose -3*p + 65 = 2*p. What is the remainder when r(1) is divided by p?
11
Let n = 36 + -20. Suppose 0 = 2*j - 3*j + n. What is the remainder when 33 - (-3 + 6 + 0) is divided by j?
14
Let f = 596 + -580. Let p(c) = -c**3 - c**2 + c - 2. Let g be p(0). Let t(w) = -3*w**3 + 2*w**2 - 2. What is the remainder when t(g) is divided by f?
14
Suppose 0 = -4*o - 16, -3*y + 3*o = -0*y - 144. Calculate the remainder when y is divided by -1 - (-26)/(-4)*-2.
8
Suppose -3*l + 219 = -0*l. Let z = l + -42. Calculate the remainder when z is divided by 16.
15
Let t be 2 + -1 + (-16)/(-2). Let f(k) = -k - 4. Let j be f(-9). Let v = j + t. What is the remainder when 26 is divided by v?
12
Suppose -4*o + 5 = -i - 1, 5*i - 6 = 2*o. Suppose -5*g = -0*x + x + 109, 58 = -i*g - 4*x. Let c = -5 - g. Calculate the remainder when c is divided by 9.
7
Calculate the remainder when 71*(1 - 0)/(-6 + 7) is divided by 25.
21
Suppose -w + 22 = 3. Calculate the remainder when w is divided by 11.
8
Let x be (-564)/14 + (-4)/(-14). Calculate the remainder when 42 is divided by (33/4)/((-15)/x).
20
Suppose -10 = -4*l + 30. Let o = 66 - l. Calculate the remainder when o is divided by 29.
27
Let q = 24 + 9. Let l(h) = 5*h - 21. Calculate the remainder when q is divided by l(6).
6
Suppose 32 = 3*m - 10. What is the remainder when m is divided by 5?
4
Suppose -2*g + 16 = -4. What is t